{"id":1311,"date":"2024-05-17T23:41:45","date_gmt":"2024-05-17T23:41:45","guid":{"rendered":"https:\/\/fundacionsr.org\/propuesta\/index.php\/aviso-de-privacidad\/"},"modified":"2024-05-17T23:51:19","modified_gmt":"2024-05-17T23:51:19","slug":"aviso-de-privacidad","status":"publish","type":"page","link":"https:\/\/fundacionsr.org\/index.php\/aviso-de-privacidad\/","title":{"rendered":"Aviso de privacidad"},"content":{"rendered":"<div data-colibri-id=\"1311-c1\" class=\"style-977 style-local-1311-c1 position-relative\">\n  <!---->\n  <div data-colibri-component=\"section\" data-colibri-id=\"1311-c2\" id=\"custom\" class=\"h-section h-section-global-spacing d-flex align-items-lg-center align-items-md-center align-items-center style-978 style-local-1311-c2 position-relative\">\n    <!---->\n    <!---->\n    <div class=\"h-section-grid-container h-section-boxed-container\">\n      <!---->\n      <div data-colibri-id=\"1311-c5\" class=\"h-row-container gutters-row-lg-2 gutters-row-md-2 gutters-row-0 gutters-row-v-lg-2 gutters-row-v-md-2 gutters-row-v-2 style-981 style-local-1311-c5 position-relative\">\n        <!---->\n        <div class=\"h-row justify-content-lg-center justify-content-md-center justify-content-center align-items-lg-stretch align-items-md-stretch align-items-stretch gutters-col-lg-2 gutters-col-md-2 gutters-col-0 gutters-col-v-lg-2 gutters-col-v-md-2 gutters-col-v-2\">\n          <!---->\n          <div class=\"h-column h-column-container d-flex h-col-lg-auto h-col-md-auto h-col-auto style-982-outer style-local-1311-c6-outer\">\n            <div data-colibri-id=\"1311-c6\" class=\"d-flex h-flex-basis h-column__inner h-px-lg-2 h-px-md-2 h-px-2 v-inner-lg-2 v-inner-md-2 v-inner-2 style-982 style-local-1311-c6 position-relative\">\n              <!---->\n              <!---->\n              <div class=\"w-100 h-y-container h-column__content h-column__v-align flex-basis-100 align-self-lg-start align-self-md-start align-self-start\">\n                <!---->\n                <div data-colibri-id=\"1311-c7\" class=\"h-text h-text-component style-983 style-local-1311-c7 position-relative h-element\">\n                  <!---->\n                  <!---->\n                  <div class=\"\">\n                    <p>FUNDACI\u00d3N SR POR TI A.C, es una persona moral con domicilio ubicado en carretera Perib\u00e1n \u2013 Los Reyes, kil\u00f3metro 5.3, Perib\u00e1n, Michoac\u00e1n, constituida con base en la escritura p\u00fablica 5499 (Cinco mil cuatrocientos noventa y nueve), tirada\n                      ante la FE del Lic. Rodrigo Herrera \u00c1lvarez, Notario P\u00fablico con n\u00famero 104 con sede en la Ciudad de Uruapan.<\/p>\n                    <p>\n                      <br>\n                    <\/p>\n                    <p>De igual forma dando cumplimiento a lo establecido en los art\u00edculos 1, 2, 6, 8, 15, 16, 17 y 25 Ley Federal de Protecci\u00f3n de Datos Personales en Posesi\u00f3n de los Particulares y su reglamento, por lo que esta persona moral constituye\n                      como sus principales ocupaciones el tratamiento responsable de los datos personales, cubriendo los principio licitud, consentimiento, informaci\u00f3n, calidad, finalidad, lealtad, proporcionalidad y responsabilidad, todos ellos previstos\n                      en la Ley.<\/p>\n                    <p>&nbsp;&nbsp;<\/p>\n                    <h4><strong>FINALIDAD DE LA OBTECI\u00d3N DE DATOS PERSONALES<\/strong><\/h4>\n                    <p>\n                      <br>\n                    <\/p>\n                    <p>FUNDACI\u00d3N SR POR TI A.C., llevara a cabo la obtenci\u00f3n de los datos personales de sus titulares de manera directa y personal con la finalidad de informar y orientar, para la incorporaci\u00f3n a los Programas Sociales en los tres \u00f3rdenes\n                      de Gobierno, as\u00ed como el seguimiento de sus tr\u00e1mites, de igual manera, para realizar invitaciones a foros, capacitaciones, talleres, reuniones para cumplimiento del objeto de esta Asociaci\u00f3n y las actividades propias del mismo, incluso\n                      para medir la calidad de atenci\u00f3n de los integrantes de la fundaci\u00f3n.&nbsp;<\/p>\n                    <p>\n                      <br>\n                    <\/p>\n                    <p><strong><em><u>Esta persona moral, no recaba datos sensibles, puesto que no son necesarios para la operaci\u00f3n<\/u><\/em><\/strong><em>, ahora bien, en caso de que no desee que sus datos personales sean tratados para los fines antes descritos, deber\u00e1 manifestarlo por los medios puestos a sus disposici\u00f3n, en caso de no hacerlos, se entender\u00e1 que el titular consiente t\u00e1citamente el tratamiento de sus datos, cuando habi\u00e9ndose puesto a su disposici\u00f3n el aviso de privacidad, no manifieste su oposici\u00f3n.<\/em><\/p>\n                    <p>\n                      <br>\n                    <\/p>\n                    <p><strong><em>RECOLECCI\u00d3N DE DATOS AL NAVEGAR EN SITIOS DE LA FUNDACI\u00d3N<\/em><\/strong><\/p>\n                    <p>\n                      <br>\n                    <\/p>\n                    <p>FUNDACI\u00d3N SR POR TI A.C., <em>puede recabar datos a trav\u00e9s de sus sitios web o mediante el uso de herramientas <\/em><strong><em><u>(cookies y web beacons)<\/u><\/em><\/strong><em> de captura autom\u00e1tica de datos. Dichas herramientas le permiten recolectar la informaci\u00f3n que env\u00eda su navegador a dichos sitios Webs, tales como el tipo de navegador que utiliza, el idioma de usuario, los tiempos de acceso y la direcci\u00f3n IP de sitios web que utiliz\u00f3 para acceder a los sitios de \u201c<\/em>FUNDACI\u00d3N\n                      SR POR TI A.C.<em>\u201d<\/em><\/p>\n                    <p>\n                      <br>\n                    <\/p>\n                    <p><strong><em>USO DE LOS DATOS PERSONALES<\/em><\/strong><\/p>\n                    <p><em>Los datos personales que el titular o propietario, ha proporcionado a Fundaci\u00f3n SR POR TI<\/em> A.C., <em>se utilizar\u00e1n \u00fanicamente con los siguientes fines, antes descritos y para el cumplimiento de su objeto en beneficio de los ciudadanos.<\/em><\/p>\n                    <p>\n                      <br>\n                    <\/p>\n                    <p><em>\u00b7&nbsp;&nbsp;&nbsp;&nbsp;&nbsp;&nbsp;&nbsp;&nbsp;Invitaciones para realizar actividades de la Fundaci\u00f3n&nbsp;&nbsp;<\/em><\/p>\n                    <p><em>\u00b7&nbsp;&nbsp;&nbsp;&nbsp;&nbsp;&nbsp;&nbsp;&nbsp;Informar y orientar para la incorporaci\u00f3n a los programas<\/em><\/p>\n                    <p><em>\u00b7&nbsp;&nbsp;&nbsp;&nbsp;&nbsp;&nbsp;&nbsp;&nbsp;Asesorar para realizar gestiones ante los tres \u00f3rdenes de Gobierno<\/em><\/p>\n                    <p><strong><em>DERECHOS DE ACCESO, RECTIFICACI\u00d3N, CANCELACI\u00d3N (ARCO)<\/em><\/strong><\/p>\n                    <p><em>En caso de que el Titular quiera limitar el uso o divulgaci\u00f3n, as\u00ed como acceder, rectificar o cancelar sus datos y oponerse al uso futuro de los mismos, el usuario deber\u00e1 enviar una solicitud, f\u00edsica o digitalmente, a las oficinas ubicadas en carretera Perib\u00e1n \u2013 Los Reyes, Kilometro 5.3, Perib\u00e1n, Michoac\u00e1n o al correo electr\u00f3nico <\/em>\n                      <a\n                        href=\"mailto:informacion@fundacionsr.org\">informacion@fundacionsr.org<\/a><em> , dicha solicitud deber\u00e1 contener la siguiente informaci\u00f3n para su debida validaci\u00f3n y posteriormente su ejecuci\u00f3n: <\/em><\/p>\n                    <p><em>\u00b7&nbsp;&nbsp;&nbsp;&nbsp;&nbsp;&nbsp;&nbsp;&nbsp;El nombre del titular y domicilio u otro medio para comunicarle la respuesta a su solicitud <\/em><\/p>\n                    <p><em>\u00b7&nbsp;&nbsp;&nbsp;&nbsp;&nbsp;&nbsp;&nbsp;&nbsp;Los documentos que acrediten la identidad o, en su caso, la representaci\u00f3n legal del titular; y<\/em><\/p>\n                    <p><em>\u00b7&nbsp;&nbsp;&nbsp;&nbsp;&nbsp;&nbsp;&nbsp;&nbsp;La descripci\u00f3n clara y precisa de los datos personales respecto de los que se busca ejercer&nbsp;&nbsp;&nbsp;alguno de los derechos antes mencionados. <\/em><\/p>\n                    <p>\n                      <br>\n                    <\/p>\n                    <p><em>De acuerdo con la Ley, la persona moral denominada \u201c<\/em>FUNDACI\u00d3N SR POR TI A.C<em>\u201d, responder\u00e1 las solicitudes en un t\u00e9rmino de 20 d\u00edas, prorrogables seg\u00fan el caso, si Usted, no cumpliera con los requisitos se\u00f1alados para sus derechos ARCO, respectivamente, <\/em><strong><em><u>esta Asociaci\u00f3n no tomara como presentada su solicitud<\/u><\/em><\/strong><em>. <\/em><\/p>\n                    <p>\n                      <br>\n                    <\/p>\n                    <p>Nos reservamos el derecho de efectuar en cualquier momento modificaciones o actualizaciones al presente aviso de privacidad, para la atenci\u00f3n de nuestros conciudadanos, proveedores, colaboradores y posibles colaboradores, por lo que\n                      en caso de que este AVISO DE PRIVACIDAD cambie en sus t\u00e9rminos, la persona Moral y\/o sus encargados del cuidado de la informaci\u00f3n, har\u00e1 de su conocimiento a la direcci\u00f3n de correo electr\u00f3nico que el titular de los datos haya proporcionado.<\/p>\n                    <p>Si usted considera que su derecho de protecci\u00f3n de datos personales ha sido lesionado por alguna conducta atribuible a los integrantes de la Asociaci\u00f3n o&nbsp;presume que en el tratamiento de sus datos personales existe alguna violaci\u00f3n\n                      a las disposiciones previstas en la Ley Federal de Protecci\u00f3n de Datos Personales en Posesi\u00f3n de los Particulares, podr\u00e1 interponer la Queja y\/o denuncia al&nbsp;Instituto Nacional de Transparencia, Acceso a la Informaci\u00f3n y Protecci\u00f3n\n                      de Datos Personales (INAI).<\/p>\n                    <p>Lo antes expuesto con fundamento en los art\u00edculos 1, 2, 6, 8, 15, 16, 17, 18, 23, 25 y 36 de la Ley Federal de Protecci\u00f3n de Datos Personales en Posesi\u00f3n de los Particulares, su reglamento y dem\u00e1s normatividad aplicable en la materia.<\/p>\n                  <\/div>\n                <\/div>\n              <\/div>\n            <\/div>\n          <\/div>\n        <\/div>\n      <\/div>\n    <\/div>\n  <\/div>\n<\/div>","protected":false},"excerpt":{"rendered":"<p>FUNDACI\u00d3N SR POR TI A.C, es una persona moral con domicilio ubicado en carretera Perib\u00e1n \u2013 Los Reyes, kil\u00f3metro 5.3, Perib\u00e1n, Michoac\u00e1n, constituida con base en la escritura p\u00fablica 5499 (Cinco mil cuatrocientos noventa y nueve), tirada ante la FE del Lic. Rodrigo Herrera \u00c1lvarez, Notario P\u00fablico con n\u00famero 104 con sede en la Ciudad [&hellip;]<\/p>\n","protected":false},"author":1,"featured_media":0,"parent":0,"menu_order":0,"comment_status":"closed","ping_status":"closed","template":"page-templates\/full-width-page.php","meta":{"footnotes":""},"class_list":["post-1311","page","type-page","status-publish","hentry"],"_links":{"self":[{"href":"https:\/\/fundacionsr.org\/index.php\/wp-json\/wp\/v2\/pages\/1311","targetHints":{"allow":["GET"]}}],"collection":[{"href":"https:\/\/fundacionsr.org\/index.php\/wp-json\/wp\/v2\/pages"}],"about":[{"href":"https:\/\/fundacionsr.org\/index.php\/wp-json\/wp\/v2\/types\/page"}],"author":[{"embeddable":true,"href":"https:\/\/fundacionsr.org\/index.php\/wp-json\/wp\/v2\/users\/1"}],"replies":[{"embeddable":true,"href":"https:\/\/fundacionsr.org\/index.php\/wp-json\/wp\/v2\/comments?post=1311"}],"version-history":[{"count":5,"href":"https:\/\/fundacionsr.org\/index.php\/wp-json\/wp\/v2\/pages\/1311\/revisions"}],"predecessor-version":[{"id":1347,"href":"https:\/\/fundacionsr.org\/index.php\/wp-json\/wp\/v2\/pages\/1311\/revisions\/1347"}],"wp:attachment":[{"href":"https:\/\/fundacionsr.org\/index.php\/wp-json\/wp\/v2\/media?parent=1311"}],"curies":[{"name":"wp","href":"https:\/\/api.w.org\/{rel}","templated":true}]}}