{"id":843,"date":"2019-03-21T15:49:05","date_gmt":"2019-03-21T15:49:05","guid":{"rendered":"https:\/\/colibriwp-work.colibriwp.com\/religious\/?page_id=843"},"modified":"2024-09-06T17:13:44","modified_gmt":"2024-09-06T17:13:44","slug":"nosotros","status":"publish","type":"page","link":"https:\/\/fundacionsr.org\/index.php\/nosotros\/","title":{"rendered":"Nosotros"},"content":{"rendered":"<div data-colibri-id=\"843-c1\" class=\"style-715 style-local-843-c1 position-relative\">\n  <!---->\n  <div data-colibri-component=\"section\" data-colibri-id=\"843-c2\" id=\"custom\" class=\"h-section h-section-global-spacing d-flex align-items-lg-center align-items-md-center align-items-center style-716 style-local-843-c2 position-relative\">\n    <!---->\n    <!---->\n    <div class=\"h-section-grid-container h-section-boxed-container\">\n      <!---->\n      <div data-colibri-id=\"843-c3\" class=\"h-row-container gutters-row-lg-2 gutters-row-md-2 gutters-row-2 gutters-row-v-lg-2 gutters-row-v-md-2 gutters-row-v-2 style-717 style-local-843-c3 position-relative\">\n        <!---->\n        <div class=\"h-row justify-content-lg-center justify-content-md-center justify-content-center align-items-lg-stretch align-items-md-stretch align-items-stretch gutters-col-lg-2 gutters-col-md-2 gutters-col-2 gutters-col-v-lg-2 gutters-col-v-md-2 gutters-col-v-2\">\n          <!---->\n          <div class=\"h-column h-column-container d-flex h-col-lg-auto h-col-md-auto h-col-auto style-719-outer style-local-843-c4-outer\">\n            <div data-colibri-id=\"843-c4\" class=\"d-flex h-flex-basis h-column__inner h-ui-empty-state-container h-px-lg-2 h-px-md-2 h-px-2 v-inner-lg-2 v-inner-md-2 v-inner-2 style-719 style-local-843-c4 position-relative\">\n              <!---->\n              <!---->\n              <div class=\"w-100 h-y-container h-column__content h-column__v-align flex-basis-100\">\n                <!---->\n              <\/div>\n            <\/div>\n          <\/div>\n          <div class=\"h-column h-column-container d-flex h-col-lg-auto h-col-md-auto h-col-auto style-730-outer style-local-843-c5-outer\">\n            <div data-colibri-id=\"843-c5\" class=\"d-flex h-flex-basis h-column__inner h-px-lg-2 h-px-md-2 h-px-2 v-inner-lg-2 v-inner-md-2 v-inner-2 style-730 style-local-843-c5 position-relative\">\n              <!---->\n              <!---->\n              <div class=\"w-100 h-y-container h-column__content h-column__v-align flex-basis-100 align-self-lg-start align-self-md-start align-self-start\">\n                <!---->\n                <div data-colibri-id=\"843-c6\" class=\"h-row-container gutters-row-lg-0 gutters-row-md-0 gutters-row-0 gutters-row-v-lg-0 gutters-row-v-md-0 gutters-row-v-0 style-731 style-local-843-c6 position-relative\">\n                  <!---->\n                  <div class=\"h-row justify-content-lg-center justify-content-md-center justify-content-center align-items-lg-stretch align-items-md-stretch align-items-stretch gutters-col-lg-0 gutters-col-md-0 gutters-col-0 gutters-col-v-lg-0 gutters-col-v-md-0 gutters-col-v-0\">\n                    <!---->\n                    <div class=\"h-column h-column-container d-flex h-col-lg-auto h-col-md-auto h-col-auto style-733-outer style-local-843-c7-outer\">\n                      <div data-colibri-id=\"843-c7\" class=\"d-flex h-flex-basis h-column__inner h-px-lg-3 h-px-md-3 h-px-3 v-inner-lg-3 v-inner-md-3 v-inner-3 style-733 style-local-843-c7 position-relative\">\n                        <!---->\n                        <!---->\n                        <div class=\"w-100 h-y-container h-column__content h-column__v-align flex-basis-100 align-self-lg-start align-self-md-start align-self-start\">\n                          <!---->\n                          <div data-colibri-id=\"843-c8\" class=\"h-global-transition-all h-heading style-721 style-local-843-c8 position-relative h-element\">\n                            <!---->\n                            <div class=\"h-heading__outer style-721 style-local-843-c8\">\n                              <!---->\n                              <!---->\n                              <h2 class=\"\">Somos<\/h2>\n                            <\/div>\n                          <\/div>\n                          <div data-colibri-id=\"843-c9\" class=\"h-text h-text-component style-734 style-local-843-c9 position-relative h-element\">\n                            <!---->\n                            <!---->\n                            <div class=\"\">\n                              <p>Una organizaci\u00f3n sin fines de lucro, la cual desea fortalecer, apoyar, aportar y ayudar a las personas de poblaciones o comunidades m\u00e1s vulnerables, 100% comprometida al desarrollo social, en beneficio de la ciudadan\u00eda.<\/p>\n                              <p>\n                                <br>\n                              <\/p>\n                            <\/div>\n                          <\/div>\n                          <div data-colibri-id=\"843-c10\" class=\"h-text h-text-component style-734 style-local-843-c10 position-relative h-element\">\n                            <!---->\n                            <!---->\n                            <div class=\"\">\n                              <h2><span style=\"font-family: Poppins;\">Misi\u00f3n<\/span><\/h2>\n                              <p>Aportar infraestructura y recursos que se pueden utilizar en favor de las personas que m\u00e1s lo necesitan, para el bienestar de estos y la de sus familias.<\/p>\n                              <p>Llevando a cabo participaci\u00f3n voluntaria en todos y cada una de las actividades de la Fundaci\u00f3n<\/p>\n                              <h2><span style=\"font-family: Poppins;\">Visi\u00f3n<\/span><\/h2>\n                              <p>Desarrollar programas que ayuden en diferentes actividades como: La educaci\u00f3n, salud, empleo, desarrollo econ\u00f3mico, deporte, medio ambiente, cultura, el desarrollo humano y ayuda humanitaria, para motivar y contribuir a mejorar\n                                nuestro entorno, generando oportunidades de desarrollo en personas, como en nuestros municipios.<\/p>\n                              <p>\n                                <br>\n                              <\/p>\n                            <\/div>\n                          <\/div>\n                        <\/div>\n                      <\/div>\n                    <\/div>\n                  <\/div>\n                <\/div>\n              <\/div>\n            <\/div>\n          <\/div>\n        <\/div>\n      <\/div>\n    <\/div>\n  <\/div>\n  <div data-colibri-component=\"section\" data-colibri-id=\"843-c11\" id=\"custom-2\" class=\"h-section h-section-global-spacing d-flex align-items-lg-center align-items-md-center align-items-center style-723 style-local-843-c11 position-relative\">\n    <!---->\n    <!---->\n    <div class=\"h-section-grid-container h-section-boxed-container\">\n      <!---->\n      <div data-colibri-id=\"843-c12\" class=\"h-row-container gutters-row-lg-2 gutters-row-md-2 gutters-row-2 gutters-row-v-lg-2 gutters-row-v-md-2 gutters-row-v-2 style-724 style-local-843-c12 position-relative\">\n        <!---->\n        <div class=\"h-row justify-content-lg-center justify-content-md-center justify-content-center align-items-lg-stretch align-items-md-stretch align-items-stretch gutters-col-lg-2 gutters-col-md-2 gutters-col-2 gutters-col-v-lg-2 gutters-col-v-md-2 gutters-col-v-2\">\n          <!---->\n          <div class=\"h-column h-column-container d-flex h-col-lg-auto h-col-md-auto h-col-auto style-726-outer style-local-843-c18-outer\">\n            <div data-colibri-id=\"843-c18\" class=\"d-flex h-flex-basis h-column__inner h-px-lg-2 h-px-md-2 h-px-2 v-inner-lg-2 v-inner-md-2 v-inner-2 style-726 style-local-843-c18 position-relative\">\n              <!---->\n              <!---->\n              <div class=\"w-100 h-y-container h-column__content h-column__v-align flex-basis-100 align-self-lg-start align-self-md-start align-self-start\">\n                <!---->\n                <div data-colibri-id=\"843-c19\" class=\"h-icon style-736 style-local-843-c19 position-relative h-element\">\n                  <!----><span class=\"h-svg-icon h-icon__icon style-736-icon style-local-843-c19-icon\"><!--Icon by Font Awesome (https:\/\/fontawesome.com)-->\n    <svg version=\"1.1\" xmlns=\"http:\/\/www.w3.org\/2000\/svg\" xmlns:xlink=\"http:\/\/www.w3.org\/1999\/xlink\" id=\"check\" viewBox=\"0 0 1792 1896.0833\">\n      <path d=\"M1671 566q0 40-28 68l-724 724-136 136q-28 28-68 28t-68-28l-136-136-362-362q-28-28-28-68t28-68l136-136q28-28 68-28t68 28l294 295 656-657q28-28 68-28t68 28l136 136q28 28 28 68z\"><\/path>\n    <\/svg><\/span><\/div>\n                <div data-colibri-id=\"843-c20\" class=\"h-global-transition-all h-heading style-729 style-local-843-c20 position-relative h-element\">\n                  <!---->\n                  <div class=\"h-heading__outer style-729 style-local-843-c20\">\n                    <!---->\n                    <!---->\n                    <h3 class=\"\">Logros<\/h3>\n                  <\/div>\n                <\/div>\n                <div data-colibri-id=\"843-c21\" class=\"h-text h-text-component style-722 style-local-843-c21 position-relative h-element\">\n                  <!---->\n                  <!---->\n                  <div class=\"\">\n                    <p><span style=\"font-weight: 400; font-size: 16px; font-family: &quot;Libre Baskerville&quot;; color: rgb(106, 122, 131);\">En construcci\u00f3n<\/span><\/p>\n                  <\/div>\n                <\/div>\n                <div data-colibri-id=\"843-c22\" class=\"h-text h-text-component style-722 style-local-843-c22 position-relative h-element\">\n                  <!---->\n                  <!---->\n                  <div class=\"\"><\/div>\n                <\/div>\n              <\/div>\n            <\/div>\n          <\/div>\n        <\/div>\n      <\/div>\n    <\/div>\n  <\/div>\n  <div data-colibri-component=\"section\" data-colibri-id=\"843-c23\" id=\"custom-3\" class=\"h-section h-section-global-spacing d-flex align-items-lg-center align-items-md-center align-items-center style-737 style-local-843-c23 position-relative\">\n    <!---->\n    <!---->\n    <div class=\"h-section-grid-container h-section-boxed-container\">\n      <!---->\n      <div data-colibri-id=\"843-c24\" class=\"h-row-container gutters-row-lg-2 gutters-row-md-2 gutters-row-0 gutters-row-v-lg-2 gutters-row-v-md-2 gutters-row-v-2 style-738 style-local-843-c24 position-relative\">\n        <!---->\n        <div class=\"h-row justify-content-lg-center justify-content-md-center justify-content-center align-items-lg-stretch align-items-md-stretch align-items-stretch gutters-col-lg-2 gutters-col-md-2 gutters-col-0 gutters-col-v-lg-2 gutters-col-v-md-2 gutters-col-v-2\">\n          <!---->\n          <div class=\"h-column h-column-container d-flex h-col-lg-auto h-col-md-auto h-col-auto style-739-outer style-local-843-c25-outer\">\n            <div data-colibri-id=\"843-c25\" class=\"d-flex h-flex-basis h-column__inner h-px-lg-2 h-px-md-2 h-px-2 v-inner-lg-2 v-inner-md-2 v-inner-2 style-739 style-local-843-c25 position-relative\">\n              <!---->\n              <!---->\n              <div class=\"w-100 h-y-container h-column__content h-column__v-align flex-basis-100 align-self-lg-start align-self-md-start align-self-start\">\n                <!---->\n                <div data-colibri-component=\"counter\" data-colibri-id=\"843-c26\" class=\"h-counter style-743 style-local-843-c26 position-relative h-element\">\n                  <!---->\n                  <div class=\"d-inline-block container-counters\">\n                    <!---->\n                    <div class=\"counter-container d-flex justify-content-lg-center justify-content-md-center justify-content-center\">\n                      <!---->\n                      <div class=\"d-flex align-items-center\"><span class=\"h-svg-icon\"><!--Icon by Font Awesome (https:\/\/fontawesome.com)-->\n    <svg version=\"1.1\" xmlns=\"http:\/\/www.w3.org\/2000\/svg\" xmlns:xlink=\"http:\/\/www.w3.org\/1999\/xlink\" id=\"home\" viewBox=\"0 0 1664 1896.0833\">\n      <path d=\"M1408 992v480q0 26-19 45t-45 19H960v-384H704v384H320q-26 0-45-19t-19-45V992q0-1 .5-3t.5-3l575-474 575 474q1 2 1 6zm223-69l-62 74q-8 9-21 11h-3q-13 0-21-7L832 424l-692 577q-12 8-24 7-13-2-21-11l-62-74q-8-10-7-23.5T37 878l719-599q32-26 76-26t76 26l244 204V288q0-14 9-23t23-9h192q14 0 23 9t9 23v408l219 182q10 8 11 21.5t-7 23.5z\"><\/path>\n    <\/svg><\/span> <span class=\"h-counter-control simple-counter colibri-counter-4 \">\n  0\n<\/span><\/div>\n                    <\/div>\n                    <div class=\"counter-title d-flex title-number justify-content-lg-center justify-content-md-center justify-content-center\">\n                      Apoyos para vivienda\n                    <\/div>\n                  <\/div>\n                <\/div>\n              <\/div>\n            <\/div>\n          <\/div>\n          <div class=\"h-column h-column-container d-flex h-col-lg-auto h-col-md-auto h-col-auto style-739-outer style-local-843-c27-outer\">\n            <div data-colibri-id=\"843-c27\" class=\"d-flex h-flex-basis h-column__inner h-px-lg-2 h-px-md-2 h-px-2 v-inner-lg-2 v-inner-md-2 v-inner-2 style-739 style-local-843-c27 position-relative\">\n              <!---->\n              <!---->\n              <div class=\"w-100 h-y-container h-column__content h-column__v-align flex-basis-100 align-self-lg-start align-self-md-start align-self-start\">\n                <!---->\n                <div data-colibri-component=\"counter\" data-colibri-id=\"843-c28\" class=\"h-counter style-743 style-local-843-c28 position-relative h-element\">\n                  <!---->\n                  <div class=\"d-inline-block container-counters\">\n                    <!---->\n                    <div class=\"counter-container d-flex justify-content-lg-center justify-content-md-center justify-content-center\">\n                      <!---->\n                      <div class=\"d-flex align-items-center\"><span class=\"h-svg-icon\"><!--Icon by Icons8 Line Awesome (https:\/\/icons8.com\/line-awesome)--><svg version=\"1.1\" xmlns=\"http:\/\/www.w3.org\/2000\/svg\" xmlns:xlink=\"http:\/\/www.w3.org\/1999\/xlink\" id=\"legal\" viewBox=\"0 0 512 545.5\"><path d=\"M255.5 57.5l11 11 48 48.5 11.5 11-11.5 11.5-4.5 4.5 89.5 89 4.5-4.5 11.5-11 11 11 48 48.5 11.5 11-11.5 11.5-112 112-11 11.5-11.5-11.5-48-48-11.5-11.5 11.5-11 5.5-5.5-33-33-189 189-23-23 189-189L208 246l-5.5 5.5-11 11.5-11.5-11.5-48-48-11.5-11.5 11.5-11L244 68.5zm0 45L166 192l25.5 25.5L281 128zM288 167l-57 57 89 89 57-57zm127.5 95.5L411 267l-85 85 25.5 25.5L441 288z\"><\/path><\/svg><\/span>                        <span class=\"h-counter-control simple-counter colibri-counter-4 \">\n  0\n<\/span><\/div>\n                    <\/div>\n                    <div class=\"counter-title d-flex title-number justify-content-lg-center justify-content-md-center justify-content-center\">\n                      Asesor\u00eda legal\n                    <\/div>\n                  <\/div>\n                <\/div>\n              <\/div>\n            <\/div>\n          <\/div>\n          <div class=\"h-column h-column-container d-flex h-col-lg-auto h-col-md-auto h-col-auto style-739-outer style-local-843-c29-outer\">\n            <div data-colibri-id=\"843-c29\" class=\"d-flex h-flex-basis h-column__inner h-px-lg-2 h-px-md-2 h-px-2 v-inner-lg-2 v-inner-md-2 v-inner-2 style-739 style-local-843-c29 position-relative\">\n              <!---->\n              <!---->\n              <div class=\"w-100 h-y-container h-column__content h-column__v-align flex-basis-100 align-self-lg-start align-self-md-start align-self-start\">\n                <!---->\n                <div data-colibri-component=\"counter\" data-colibri-id=\"843-c30\" class=\"h-counter style-743 style-local-843-c30 position-relative h-element\">\n                  <!---->\n                  <div class=\"d-inline-block container-counters\">\n                    <!---->\n                    <div class=\"counter-container d-flex justify-content-lg-center justify-content-md-center justify-content-center\">\n                      <!---->\n                      <div class=\"d-flex align-items-center\"><span class=\"h-svg-icon\"><!--Icon by Font Awesome (https:\/\/fontawesome.com)-->\n    <svg version=\"1.1\" xmlns=\"http:\/\/www.w3.org\/2000\/svg\" xmlns:xlink=\"http:\/\/www.w3.org\/1999\/xlink\" id=\"heartbeat\" viewBox=\"0 0 1792 1896.0833\">\n      <path d=\"M1280 1024h305q-5 6-10 10.5t-9 7.5l-3 4-623 600q-18 18-44 18t-44-18l-624-602q-5-2-21-20h369q22 0 39.5-13.5T638 976l70-281 190 667q6 20 23 33t39 13q21 0 38-13t23-33l146-485 56 112q18 35 57 35zm512-428q0 145-103 300h-369l-111-221q-8-17-25.5-27t-36.5-8q-45 5-56 46l-129 430-196-686q-6-20-23.5-33T703 384t-39 13.5-22 34.5L526 896H103Q0 741 0 596q0-220 127-344t351-124q62 0 126.5 21.5t120 58T820 276t76 68q36-36 76-68t95.5-68.5 120-58T1314 128q224 0 351 124t127 344z\"><\/path>\n    <\/svg><\/span> <span class=\"h-counter-control simple-counter colibri-counter-4 \">\n  0\n<\/span><\/div>\n                    <\/div>\n                    <div class=\"counter-title d-flex title-number justify-content-lg-center justify-content-md-center justify-content-center\">\n                      Atenci\u00f3n m\u00e9dica\n                    <\/div>\n                  <\/div>\n                <\/div>\n              <\/div>\n            <\/div>\n          <\/div>\n        <\/div>\n      <\/div>\n    <\/div>\n  <\/div>\n<\/div>","protected":false},"excerpt":{"rendered":"<p>Somos Una organizaci\u00f3n sin fines de lucro, la cual desea fortalecer, apoyar, aportar y ayudar a las personas de poblaciones o comunidades m\u00e1s vulnerables, 100% comprometida al desarrollo social, en beneficio de la ciudadan\u00eda. Misi\u00f3n Aportar infraestructura y recursos que se pueden utilizar en favor de las personas que m\u00e1s lo necesitan, para el bienestar [&hellip;]<\/p>\n","protected":false},"author":1,"featured_media":0,"parent":0,"menu_order":0,"comment_status":"closed","ping_status":"closed","template":"page-templates\/full-width-page.php","meta":{"footnotes":""},"class_list":["post-843","page","type-page","status-publish","hentry"],"_links":{"self":[{"href":"https:\/\/fundacionsr.org\/index.php\/wp-json\/wp\/v2\/pages\/843","targetHints":{"allow":["GET"]}}],"collection":[{"href":"https:\/\/fundacionsr.org\/index.php\/wp-json\/wp\/v2\/pages"}],"about":[{"href":"https:\/\/fundacionsr.org\/index.php\/wp-json\/wp\/v2\/types\/page"}],"author":[{"embeddable":true,"href":"https:\/\/fundacionsr.org\/index.php\/wp-json\/wp\/v2\/users\/1"}],"replies":[{"embeddable":true,"href":"https:\/\/fundacionsr.org\/index.php\/wp-json\/wp\/v2\/comments?post=843"}],"version-history":[{"count":20,"href":"https:\/\/fundacionsr.org\/index.php\/wp-json\/wp\/v2\/pages\/843\/revisions"}],"predecessor-version":[{"id":2471,"href":"https:\/\/fundacionsr.org\/index.php\/wp-json\/wp\/v2\/pages\/843\/revisions\/2471"}],"wp:attachment":[{"href":"https:\/\/fundacionsr.org\/index.php\/wp-json\/wp\/v2\/media?parent=843"}],"curies":[{"name":"wp","href":"https:\/\/api.w.org\/{rel}","templated":true}]}}